8, 2*p + f = -0*p + 26. Let c = -4 - -11. What is the remainder when p is divided by c?
5
Suppose -2*d + 0*d + 4 = 0. Let j = d - -21. Calculate the remainder when j is divided by 8.
7
Suppose 430 = 17*w - 7*w. What is the remainder when w is divided by 11?
10
Suppose 0 = -s + m + 60, -5*s + 105 = 3*m - 203. Suppose 0*i + s = i. What is the remainder when i is divided by 16?
13
Suppose -2*p = -6*p - c + 550, -c - 409 = -3*p. What is the remainder when p is divided by 28?
25
Let v be -2*435/(-6) - 4. Suppose v = 7*r - 4*r. Calculate the remainder when r is divided by 17.
13
Suppose 3*c - 66 = -3*i + 4*i, c = -4*i + 35. Calculate the remainder when c is divided by (4 - (0 + 2))*6.
11
Calculate the remainder when 90 - 0 - (4 + -2) is divided by 45.
43
Let h(y) = y + 4. What is the remainder when 34 is divided by h(5)?
7
Let y = 6 + 18. Suppose 0 = 3*d - 0 - 3. What is the remainder when y is divided by ((-26)/6)/(d/(-3))?
11
Let s be (1/2)/((-6)/(-36)). What is the remainder when 23 is divided by (-13)/((s - -1)/(-4))?
10
Let t(n) = -n**2 - 3*n + 1. Let a be t(-2). Suppose 36 = -l + a*l. Let r(h) = 2*h**2 + 2*h + 3. What is the remainder when l is divided by r(-2)?
4
Let y = -7 - -56. Calculate the remainder when y is divided by 10.
9
Let w(u) = -u**3 + 21*u**2 - 36*u - 29. Calculate the remainder when ((-6)/4)/(3/(-66)) is divided by w(19).
6
Let m be (4/14)/((-7)/(-49)). Let b(a) = -13*a - 1. Let q be b(-1). Suppose 4*k = f - 14, m*k + q = -2*k. What is the remainder when f is divided by 1?
0
Calculate the remainder when (2 - -1)/3 - -54 is divided by 14.
13
Let a(i) = -i - 14. Let u(l) = -1. Let p(t) = -a(t) + 6*u(t). Calculate the remainder when 3 is divided by p(-6).
1
Let m(a) = a**2 + 10*a - 10. What is the remainder when m(-13) is divided by 8?
5
Suppose 9 = 5*x - 1. Suppose 9 = x*i + 1. Calculate the remainder when 11 is divided by i.
3
Let s be (2/5)/((-1)/(-5)). Suppose -n + 1 = -1, -3*n = -4*c + s. Suppose -2*b + 7 = r, -22 = -4*b - 4*r - 2. What is the remainder when b is divided by c?
0
Suppose 0 = -4*a + 48 + 36. What is the remainder when 83 is divided by a?
20
Let n(z) = z**3 + 63. What is the remainder when n(0) is divided by 17?
12
Suppose 13 + 25 = l. Suppose 3*k - 15 - 15 = 0. Calculate the remainder when l is divided by k.
8
Suppose 4*x - 3*d = 136, 5*x - 193 = 2*d - 4*d. Suppose 2*s = 4*q + 6, -2*s + q - x = -7*s. What is the remainder when 34 is divided by s?
6
Suppose 3*n - 2*n - 3*a - 36 = 0, -5*n + 2*a + 115 = 0. Let d = n + 105. Suppose -d = -5*h + 119. What is the remainder when h is divided by 17?
15
Let s = 2 + 0. Let q be (s - 2) + -2 - 7. What is the remainder when 20 is divided by 14/(-6)*q/3?
6
Let h(y) = 5*y**3 - y**2 - y + 1. Suppose -a + 3*a - 24 = 0. What is the remainder when h(2) is divided by a?
11
Suppose c = 4*c - 15. Let j(w) = -w**2 + 13*w - 40. What is the remainder when c is divided by j(6)?
1
Let c(m) = -m**3 - 21*m**2 - 5*m - 31. What is the remainder when c(-21) is divided by 15?
14
Suppose 3*t = -3*f - 54, 3*f + 4*t + 62 = 3*t. Let b = f + 48. What is the remainder when b is divided by 14?
12
Suppose 2*s - 72 = -2*s. Let f = -11 + 13. Suppose 0 = 4*z + d - 133, 3*d + 65 = f*z + 4*d. What is the remainder when z is divided by s?
16
Let t = 9 - 4. Suppose -t*b + 40 = 5*s, 2*b - 20 = -s + 5*b. Calculate the remainder when (-56)/(-3) + (-24)/(-18) is divided by s.
9
Let z be 5/5 + 13*7. Suppose -5*k = 20, 0*a - 2*k - z = -4*a. Calculate the remainder when 41 is divided by a.
20
Suppose m - 339 = 5*o, -5*m + 3*o = o - 1626. Suppose -5*j = -y + 48, -4*j + m = 5*y - j. What is the remainder when y is divided by 16?
15
Let s(b) = b + 0 - 17*b + 3. Let d(i) = i**3 - i**2 - 2*i + 1. Calculate the remainder when s(-3) is divided by d(3).
12
Suppose -f - 20 = -u - 0*f, -2*u + 5*f = -46. Suppose -135 - 69 = -6*z. Calculate the remainder when z is divided by u.
16
Let q be 126/15 + (-4)/10. Suppose -2*m - 5*r = -q, m - 2*m + 17 = -4*r. What is the remainder when 104/(-6)*(-6)/4 is divided by m?
8
Suppose 105 = 2*i - 33. Let w = i - 36. Calculate the remainder when w is divided by 9.
6
Let q(g) = -g + 46. What is the remainder when q(10) is divided by 20?
16
Suppose 0 = -v + 2*z + 14, 3*z + 40 = 3*v - z. What is the remainder when 22 is divided by v?
10
Let g = 27 + 9. Suppose 3*n - 10 = 29. Calculate the remainder when g is divided by n.
10
Let q(y) = y**2 - 3*y. Let a(v) be the third derivative of -5*v**4/8 - v**3/3 + v**2. Calculate the remainder when a(-2) is divided by q(5).
8
Let j(y) be the second derivative of 2*y**3/3 - y**2/2 - y. Suppose k - 18 = b, 3*k - 96 = -2*k - b. What is the remainder when k is divided by j(2)?
5
Suppose 3*v - 108 = -4*k + k, -3*v - 4*k = -104. Calculate the remainder when v is divided by (2 - -12)/(1 + 0).
12
What is the remainder when 117 is divided by ((3 - 1)/(20/(-310)))/(-1)?
24
What is the remainder when 73 is divided by 5 + 13 - (5 - 2)?
13
Suppose -5*y = 2*k + 2*k + 1, -2 = -5*k - 3*y. Let h(w) = w**3 - 6*w**2 - 2*w - 6. What is the remainder when h(7) is divided by 10/((-2 - -2) + k)?
9
Suppose -1027*i = -1024*i - 129. Calculate the remainder when i is divided by 2 + -3 - 20/(-2).
7
Suppose -2*t = 5*r - 19, -4*t + 11 + 19 = 2*r. What is the remainder when 38 is divided by t?
3
Let m(u) = -3*u + 30. Calculate the remainder when m(7) is divided by 2.
1
Calculate the remainder when 52 is divided by (-6)/(-24) + 62/8.
4
Let o = -1 - -2. Let q(m) = m**3 - 116*m + 115*m + 4 + 0 - 1. What is the remainder when q(0) is divided by o?
0
Suppose -4*d + 39 + 13 = 0. What is the remainder when 62 is divided by d?
10
Suppose 264 = -i - 2*i. Let z(j) = -j**2 + 7*j + 2. Calculate the remainder when (6/(-4))/(6/i) is divided by z(5).
10
What is the remainder when 38 is divided by (13/5)/(-2 - 44/(-20))?
12
Let z = 69 - 48. What is the remainder when 32 is divided by z?
11
Let h = 0 + 1. Suppose h = -d + 11. Calculate the remainder when d is divided by 4.
2
Suppose 6*p - 2*p - 52 = 0. Suppose -4*g + 10 = -10. Calculate the remainder when p is divided by g.
3
Let b(y) = y**3 - 6*y**2 + y + 3. Let p be b(6). Suppose 0 = -p*q + 4*q + 230. Calculate the remainder when q is divided by 16.
14
Let i(q) = 76*q + 2. Calculate the remainder when i(1) is divided by 21.
15
Let x be (-27)/6*(-2)/3. Let s be x - ((-2)/(-2))/1. Calculate the remainder when 39/5 + s/10 is divided by 3.
2
Suppose z = 3*z - 10. Let j = 40 + -38. Calculate the remainder when z is divided by j.
1
Suppose -z - d = -4*d + 6, 0 = -z - 5*d + 34. Let k = z - -84. Calculate the remainder when k is divided by 24.
21
Let i = -13 - -15. Suppose -1 - 3 = -i*u. What is the remainder when 6 is divided by u?
0
Let v = -5 + 16. Suppose 2*q - 4*u - 180 = 0, 241 + 89 = 4*q - 2*u. Suppose 0 = -5*m + m + q. Calculate the remainder when m is divided by v.
9
Let u(t) = 44*t + 1. Let v be u(-1). Let y = -28 - v. Suppose w - y = -5. Calculate the remainder when 18 is divided by w.
8
Let w(v) = -4*v - 14. What is the remainder when w(-4) is divided by 2?
0
Suppose -k = -0*k - 11. Suppose k = c - 18. Calculate the remainder when c is divided by 10.
9
Suppose -65 = 5*b + 5*m, -m = 4*b - 0*m + 58. Calculate the remainder when (-40)/(-6)*b/(-10) is divided by 4.
2
Let m = 31 - 18. Let p(a) = -4 - 2*a**2 + 0*a**3 + a**3 + 7*a - 4*a**2. Calculate the remainder when p(6) is divided by m.
12
Suppose 0*n + n - u = 11, -4 = 2*u. What is the remainder when 16 is divided by n?
7
Let b(d) = d**3 - 6*d**2 + 3. Let i be b(6). What is the remainder when (-1)/i + 424/12 is divided by 12?
11
Let j(m) = -m**2 - 9*m + 19. What is the remainder when j(-10) is divided by (0/2 + 1)*6?
3
Suppose 5 = 2*j - 53. What is the remainder when j is divided by 10?
9
Suppose -36 = 5*g + 4*d, 2*d - 3*d = 4. Let p = g + 10. Calculate the remainder when (26/p)/(1/3) is divided by 8.
5
Suppose 0 = 2*m + m - 51. Let a(y) = -y**2 - 8*y - 3. Let r be a(-5). Suppose -r = 4*n, -3*s - 106 = -5*s + 2*n. What is the remainder when s is divided by m?
16
Let n(w) = -6*w - 27. Suppose 4*u = 3*y + 96, -5*u + 38 = 4*y - 82. Calculate the remainder when u is divided by n(-6).
6
Let k = -4 + -18. Let o = 31 + k. Calculate the remainder when 15 is divided by o.
6
Let i(y) = 2*y + 7. Suppose